ivisor of h and 220.
20
Suppose -72 = -8*g - 1640. Let c = 417 + g. Calculate the highest common factor of c and 13.
13
Suppose -2225 = -9*g + 1870. What is the highest common factor of g and 175?
35
Suppose 0 = -8*v - 2936 + 9880. What is the highest common divisor of v and 248?
124
Suppose -29*o + 34*o = 5*v + 8115, -5*o + 8135 = -v. What is the highest common divisor of 148 and o?
148
Let u be -2 + (-2)/(2/(-189)). Let h be (1 - 2 - 1)*(-10 - -5). Suppose 44 = h*l - 126. What is the highest common divisor of u and l?
17
Let s(d) = -3*d + 199. Let n be s(48). Calculate the greatest common factor of 583 and n.
11
Suppose 3*q - 16856 = -r + 23093, 2*q - 26607 = 3*r. Calculate the highest common factor of 42 and q.
42
Let n = 4067 - 3821. Calculate the highest common divisor of n and 82.
82
Let t(o) = 7563*o - 5682. Let i be t(6). Calculate the greatest common factor of 12 and i.
12
Let o = -193 - -421. Let c = 24 + o. What is the greatest common factor of c and 36?
36
Let i = -3399 + 3735. What is the highest common factor of 9240 and i?
168
Suppose -4*g = -5*k - 387, 0*g = 4*g - 3*k - 381. Let d = g - 93. Suppose d*w + 2*w = 42. Calculate the greatest common divisor of w and 28.
7
Suppose 0 = 12*i + 14 - 26. Let u be (0 - i) + 42 + -17. What is the highest common factor of 36 and u?
12
Let s(m) = 31*m. Let v be s(1). Let b(g) = -g**2 + 5*g + 97. Let i be b(13). Let q = v + i. Calculate the greatest common factor of q and 4.
4
Suppose -10 = 19*q - 17*q - 4*w, 2*w - 62 = -2*q. Let j be 4/6*(-4 - -1). Let s be -2 - (80/1)/j. Calculate the highest common factor of s and q.
19
Suppose -1595 = -13*j + 95. What is the highest common factor of 754 and j?
26
Suppose 238*h - 270 = 241*h. Let z = 150 + h. Calculate the greatest common factor of 420 and z.
60
Suppose 67*k - 2134 = 2824. What is the greatest common divisor of 1184 and k?
74
Let m(d) = -21*d + 191. Let n be m(5). What is the greatest common divisor of n and 12?
2
Let i be (-4)/(-18) + 356/18. Suppose 4*s = -l + 12, -3*s + l = -s. Suppose -s*w + 540 = 100. What is the highest common divisor of i and w?
20
Let h = -3911 + 3886. Let o be (-209)/(-3) + 1/3. Let k = o + h. Calculate the highest common factor of 18 and k.
9
Let w be ((-18)/12)/(5/(-50)) + -1. Suppose -5*k - 102 = -2*d, 73*d - 2*k - 108 = 71*d. What is the greatest common divisor of w and d?
14
Let g(i) = 114*i**2 + 31*i - 31. Let m be g(1). Calculate the greatest common divisor of m and 5358.
114
Let b be 4/(-28) - 297/(-21). Suppose -19*p - 8 = -23*p, -3*c = -8*p - 1790. What is the highest common factor of b and c?
14
Suppose 3*w + 26 = c, 10*w + 15 = 5*w. Suppose t + 9 = c. Suppose -t = 2*p, -5*l + 0*l - 3*p = -33. What is the greatest common divisor of l and 63?
9
Suppose 0 = -5*h + 5*a + 1770, -2*h = h - 4*a - 1066. Let f = h - 263. Calculate the highest common factor of f and 783.
87
Let d = 167 - 367. Let p = d - -205. What is the greatest common divisor of p and 115?
5
Let h be (-2 + -2)*1*680/(-16). Let q = h + -162. Suppose -4*v + a + 252 = 0, 3*a - 8 = a. What is the highest common divisor of q and v?
8
Let g = -2737 - -2911. Let z = 21 + 8. What is the highest common factor of z and g?
29
Let m(z) = -2*z**2 + 111*z + 5. Let q be m(2). Calculate the greatest common factor of q and 2117.
73
Suppose -1078 = 7*g + 343. Let x = g + 213. Calculate the highest common factor of 490 and x.
10
Let j be 25812/(-576)*4/(-3) - 8/(-32). Calculate the greatest common divisor of 4740 and j.
60
Let n = 35278 + -22697. Calculate the highest common divisor of n and 23.
23
Let b(m) = -1070*m - 1490. Let i be b(-2). What is the highest common factor of i and 468?
26
Suppose 2*g + 946 = 4*g. Let j(l) = -7*l**3 + 365*l**2 - 56*l + 219. Let w be j(52). Calculate the greatest common factor of w and g.
11
Suppose -4*y = 5*v - 2550, -38*y + 1020 = 2*v - 35*y. What is the greatest common factor of v and 1734?
102
Let l(c) = 333*c**2 + 22*c - 13. Let y be l(-5). Calculate the highest common divisor of y and 12.
6
Let o(n) = -1566*n - 791. Let q be o(-1). Calculate the highest common factor of q and 899.
31
Let z(u) = -3*u**2 - 77*u + 62. Let r be z(-26). Let t be ((-3)/(-2))/(5/(-10)). Let x = t - -15. Calculate the highest common factor of r and x.
12
Let k = 37 - 16. Let s(m) = -8664 - 18*m - k*m**2 - m**3 + 8692 + 2*m**2. Let q be s(-18). What is the highest common divisor of 70 and q?
14
Suppose -2*q = -6*q + 3*a + 15, 0 = -5*q - a + 14. Let y be 2/((-6)/(-345)) + 6/q. What is the greatest common divisor of 9 and y?
9
Let i be 1/3*(-3435)/(-5). Suppose i - 13 = 12*c. Let o be (12/c)/(2/405). Calculate the highest common factor of o and 15.
15
Suppose q - 4*r = 7, 3*r + 2*r = 4*q - 6. Let u be (-3 + q*8)*-39. Suppose -8*j + 312 = -0*j. What is the greatest common divisor of j and u?
39
Suppose 0*j - 4*j = -2*k - 8734, 6549 = 3*j - 3*k. Suppose -19*z + j = -5*z. What is the highest common factor of z and 39?
39
Let u = -9725 + 9860. Calculate the highest common divisor of 3456 and u.
27
Let d(u) = u**2 - 14*u - 3. Suppose 4*l = 5*f + 68, -l + 2*f + 17 = 4*f. Let m be d(l). Let s = -113 + 129. Calculate the highest common factor of s and m.
16
Let f = 1297 + -682. Let g be 31 + 1 + -2 - (282 - 282). Calculate the greatest common divisor of f and g.
15
Let f = -2688 + 3579. Calculate the highest common factor of f and 693.
99
Let q be (-1 - -2)*(-1 - (-36)/3). Suppose 3*h = -z + h + q, -4*h = -4. Suppose 6*g + 168 = z*g. What is the highest common divisor of 7 and g?
7
Let v = 17979 - 17729. Calculate the greatest common factor of v and 200.
50
Suppose 2*j - 2*y = 908, -j + 450 = -61*y + 59*y. What is the greatest common divisor of j and 4351?
229
Suppose -11*v + 6*v + 1422 = 4*t, 2*v - 5*t - 549 = 0. Let f = v + -243. What is the highest common factor of f and 104?
13
Let i(x) = x**3 - 19*x**2 + 34*x - 64. Let b be i(18). Calculate the highest common divisor of 128 and b.
32
Let q(w) = -19*w - 7*w**2 + 14 + 6*w + 8*w - 6*w**3. Let j be q(-4). What is the greatest common factor of j and 34?
34
Let k be -1 - 3/((-6)/8). Suppose 8439 - 2309 = 513*u - 4643. Calculate the greatest common factor of k and u.
3
Let i be (3/2)/(3/4). Suppose 5*y - 5*z - 2040 = 0, 0 = i*z - 4 - 4. Suppose 0 = -6*t + y - 16. Calculate the greatest common divisor of 44 and t.
22
Suppose 3*n - 264 = 477. Let k(v) = v**2 + 46*v - 352. Let a be k(-53). What is the highest common divisor of n and a?
19
Let p = 33 - 13. Suppose -2*g = 6*u - 3*u - 80, -2*u = -2*g + 80. What is the greatest common factor of p and g?
20
Suppose 436 + 4118 + 3062 = 16*v. Let j(h) = -9*h - 2. Let u be j(-4). What is the highest common factor of v and u?
34
Let u be (((-8)/(-50))/(296/740))/((-4)/(-30)). Calculate the highest common divisor of u and 138.
3
Let l = -12 - -24. Suppose 0 = 4*c + 16*h + 4, 0 = -2*c + 25*h - 23*h + 8. Calculate the greatest common divisor of l and c.
3
Let s = 19 + -37. Let j be (s + 0)*31/248*-48. What is the highest common factor of 6 and j?
6
Let r(z) be the third derivative of z**5/30 - 19*z**2 - 5. Let x be r(4). Calculate the highest common divisor of 272 and x.
16
Let h = 5271 + -5251. Suppose -x + 2*d + 23 + 175 = 0, 0 = 2*x - d - 384. Calculate the greatest common divisor of x and h.
10
Suppose 10*s - 49*s + 78 = 0. Calculate the highest common divisor of 106 and s.
2
Suppose 2*b - 4*b + 6*b = 0. Suppose a = -b*a + 3. Suppose -2*t + 80 = 5*w, 4*w - 31 = -t + a. What is the greatest common factor of t and 20?
10
Let j be -3 + (4 - (-4 + (-4 - -4))). Suppose j*p = 5*h - 630, 3*p - 5*p = 0. What is the greatest common factor of 42 and h?
42
Let y = 23 + -34. Let v be 1*y*(14 - 15). Let j be ((-2)/(-6))/((-3)/(-1089)). Calculate the highest common divisor of v and j.
11
Suppose -v = 2*v - 33. Let s(u) = 18*u - 280. Let t be s(16). Let m be (t/((-48)/(-33)))/(2/92). What is the greatest common divisor of v and m?
11
Suppose -5*v + 3*w + 16032 = 2323, -w - 3 = 0. What is the highest common divisor of 411 and v?
137
Suppose 4*l = -3*n + 23, n + 0*l = 2*l + 1. Suppose 16 = c - n. Let x = c + -5. What is the highest common divisor of 8 and x?
8
Let d(o) = 32*o - 8. Let u be d(5). Let h = 9906 - 9887. What is the highest common divisor of u and h?
19
Suppose -91*i = 2